{"id":1602,"date":"2026-04-08T13:27:20","date_gmt":"2026-04-08T12:27:20","guid":{"rendered":"https:\/\/www.credel.fr\/?page_id=1602"},"modified":"2026-04-08T13:27:20","modified_gmt":"2026-04-08T12:27:20","slug":"job-font-end","status":"publish","type":"page","link":"https:\/\/www.credel.fr\/?page_id=1602","title":{"rendered":"Job Font End"},"content":{"rendered":"<ul>\n<li>\n        <a href=\"\/\">Accueil<\/a>\n    <\/li>\n<li>\n        <a href=\"\/?page_id=3\">Carri\u00e8res<\/a>\n    <\/li>\n<li>\n        <a href=\"\/?page_id=22\">Recrutement D\u00e9veloppeur<\/a>\n    <\/li>\n<\/ul>\n<p><p>\n        <a href=\"\/index.php?page_id=3\">Carri\u00e8re<\/a>\n    <\/p>\n<\/p>\n<h1>D\u00e9veloppeur Front-End H\/F<\/h1>\n<div>\n<p><strong>\u00c9diteur de progiciel dans l\u2019univers de la logistique depuis plus de 20 ans souhaitant d\u00e9velopper son \u00e9quipe technique, recrute un\u00b7e D\u00e9veloppeur\u00b7se Web.<\/strong><\/p>\n<\/div>\n<p><p>\n        <a href=\"mailto:contact@credel.fr\">Postuler<\/a>\n    <\/p>\n<\/p>\n<ul>\n<li>\n<div>Tours, France<\/div>\n<p>Situation G\u00e9ographique<\/p>\n<\/li>\n<li>\n<div>CDi &#8211; 39 heures<\/div>\n<p>Dur\u00e9e de travail<\/p>\n<\/li>\n<li>\n<div>Au moins 4 ans d&rsquo;exp\u00e9rience.<\/div>\n<p>Niveau requis<\/p>\n<\/li>\n<\/ul>\n<p><img decoding=\"async\" src=\"\/wp-content\/uploads\/yootheme\/background-square-02.png\" alt=\"\"><br \/>\n<img decoding=\"async\" src=\"\/wp-content\/uploads\/yootheme\/background-square-04.png\" alt=\"\"><br \/>\n<img decoding=\"async\" src=\"\/wp-content\/uploads\/yootheme\/background-square-05.png\" alt=\"\"><\/p>\n<h2>Description<\/h2>\n<div>\n<p><span>Vous interviendrez sur les \u00e9volutions de diff\u00e9rentes solutions ainsi que le d\u00e9veloppement de nouvelles fonctionnalit\u00e9s. Vous serez \u00e9galement form\u00e9\u00b7e \u00e0 de nouveaux langages web.<\/span><\/p>\n<\/div>\n<h2>Qualifications<\/h2>\n<div>\n<p data-start=\"188\" data-end=\"471\">Vous aimez d\u00e9velopper des applications utiles, concr\u00e8tes et proches du terrain ?<br data-start=\"268\" data-end=\"271\" \/>Chez <strong data-start=\"276\" data-end=\"286\">CREDEL<\/strong>, nous concevons et faisons \u00e9voluer des solutions m\u00e9tiers \u00e0 destination des <strong data-start=\"362\" data-end=\"386\">garages poids lourds<\/strong>. Et nous cherchons un\u00b7e <strong data-start=\"411\" data-end=\"438\">D\u00e9veloppeur\u00b7euse Web <\/strong>pour renforcer notre \u00e9quipe.<\/p>\n<h3 data-start=\"473\" data-end=\"494\">\ud83d\udd27 Vos missions<\/h3>\n<ul data-start=\"495\" data-end=\"827\">\n<li data-start=\"495\" data-end=\"561\">\n<p data-start=\"497\" data-end=\"561\">D\u00e9velopper et maintenir des applications m\u00e9tiers sous <strong>Framework JS (React, Vue&#8230;)<\/strong><\/p>\n<\/li>\n<li data-start=\"562\" data-end=\"634\">\n<p data-start=\"564\" data-end=\"634\">Analyser les besoins utilisateurs et proposer des solutions adapt\u00e9es<\/p>\n<\/li>\n<li data-start=\"635\" data-end=\"696\">\n<p data-start=\"637\" data-end=\"696\">Corriger les anomalies, tester et d\u00e9ployer les \u00e9volutions<\/p>\n<\/li>\n<li data-start=\"697\" data-end=\"766\">\n<p data-start=\"699\" data-end=\"766\">Travailler en collaboration avec l\u2019\u00e9quipe support &amp; d\u00e9veloppement<\/p>\n<\/li>\n<li data-start=\"767\" data-end=\"827\">\n<p data-start=\"769\" data-end=\"827\">Participer au partage de comp\u00e9tences au sein de l\u2019\u00e9quipe<\/p>\n<\/li>\n<\/ul>\n<h3 data-start=\"829\" data-end=\"850\">\ud83d\udc64 Votre profil<\/h3>\n<ul data-start=\"851\" data-end=\"1038\">\n<li data-start=\"851\" data-end=\"896\">\n<p data-start=\"853\" data-end=\"896\">Formation en informatique (Bac+2 \u00e0 Bac+5)<\/p>\n<\/li>\n<li data-start=\"897\" data-end=\"939\">\n<p data-start=\"899\" data-end=\"939\">Exp\u00e9rience en d\u00e9veloppement <strong data-start=\"927\" data-end=\"937\">Web<\/strong><\/p>\n<\/li>\n<li data-start=\"940\" data-end=\"996\">\n<p data-start=\"942\" data-end=\"996\">\u00c0 l\u2019aise avec les environnements applicatifs m\u00e9tiers<\/p>\n<\/li>\n<li data-start=\"997\" data-end=\"1038\">\n<p data-start=\"999\" data-end=\"1038\">Autonomie, rigueur et esprit d\u2019\u00e9quipe<\/p>\n<\/li>\n<\/ul>\n<h3 data-start=\"1040\" data-end=\"1070\">\ud83d\udcbc Ce que nous proposons<\/h3>\n<ul data-start=\"1071\" data-end=\"1247\">\n<li data-start=\"1071\" data-end=\"1082\">\n<p data-start=\"1073\" data-end=\"1082\"><strong data-start=\"1073\" data-end=\"1080\">CDI<\/strong><\/p>\n<\/li>\n<li data-start=\"1083\" data-end=\"1123\">\n<p data-start=\"1085\" data-end=\"1123\">Un environnement technique stimulant<\/p>\n<\/li>\n<li data-start=\"1124\" data-end=\"1182\">\n<p data-start=\"1126\" data-end=\"1182\">Des projets concrets, utiles et en constante \u00e9volution<\/p>\n<\/li>\n<li data-start=\"1183\" data-end=\"1247\">\n<p data-start=\"1185\" data-end=\"1247\">Une \u00e9quipe \u00e0 taille humaine, orient\u00e9e entraide et efficacit\u00e9<\/p>\n<\/li>\n<\/ul>\n<p data-start=\"1249\" data-end=\"1343\">\ud83d\udccd Poste bas\u00e9 \u00e0 Tours (37)<strong data-start=\"1326\" data-end=\"1343\"><\/strong><\/p>\n<\/div>\n<p><img decoding=\"async\" src=\"\/wp-content\/uploads\/yootheme\/background-square-03.png\" alt=\"\"><\/p>\n<div>\n<p>        <img decoding=\"async\" src=\"\/wp-content\/uploads\/2023\/01\/20230125_173629-scaled.jpg\" alt=\"\"><\/p>\n<h3>J\u00e9r\u00f4me CHAILLOT<\/h3>\n<div>\n<p>Directeur Op\u00e9rationnel chez CREDEL.<\/p>\n<\/div>\n<\/div>\n<p><p>\n        <a href=\"mailto:contact@credel.fr\">Postulez<\/a>\n    <\/p>\n<\/p>\n<hr>\n<p><!--more--><br \/>\n<!-- {\"type\":\"layout\",\"children\":[{\"type\":\"section\",\"props\":{\"animation\":\"slide-bottom-medium\",\"animation_delay\":\"100\",\"header_transparent\":true,\"header_transparent_text_color\":\"dark\",\"image_position\":\"center-center\",\"padding_bottom\":\"none\",\"padding_top\":\"large\",\"style\":\"default\",\"title_breakpoint\":\"xl\",\"title_position\":\"top-left\",\"title_rotation\":\"left\",\"vertical_align\":\"\",\"width\":\"small\"},\"children\":[{\"type\":\"row\",\"children\":[{\"type\":\"column\",\"props\":{\"image_position\":\"center-center\",\"position_sticky_breakpoint\":\"m\"},\"children\":[{\"type\":\"subnav\",\"props\":{\"show_image\":true,\"text_align\":\"left\"},\"children\":[{\"type\":\"subnav_item\",\"props\":{\"content\":\"Accueil\",\"link\":\".\/\"}},{\"type\":\"subnav_item\",\"props\":{\"content\":\"Carri\u00e8res\",\"link\":\"?page_id=3\"}},{\"type\":\"subnav_item\",\"props\":{\"content\":\"Recrutement D\u00e9veloppeur\",\"link\":\"?page_id=22\"}}],\"name\":\"Subnav_Pagination\"},{\"type\":\"button\",\"props\":{\"grid_column_gap\":\"small\",\"grid_row_gap\":\"small\",\"margin_bottom\":\"default\",\"margin_top\":\"default\",\"position\":\"relative\",\"position_z_index\":\"1\",\"text_align\":\"center\"},\"children\":[{\"type\":\"button_item\",\"props\":{\"button_style\":\"\",\"content\":\"Carri\u00e8re\",\"dialog_layout\":\"modal\",\"dialog_offcanvas_flip\":true,\"icon_align\":\"left\",\"link\":\"index.php?page_id=3\"}}]},{\"type\":\"headline\",\"props\":{\"content\":\"D\u00e9veloppeur Front-End H\/F\",\"image_align\":\"left\",\"image_margin\":\"xsmall\",\"margin_bottom\":\"remove\",\"margin_top\":\"default\",\"position\":\"relative\",\"position_z_index\":\"1\",\"text_align\":\"center\",\"title_element\":\"h1\",\"title_style\":\"heading-small\"}},{\"type\":\"text\",\"props\":{\"block_align\":\"center\",\"column_breakpoint\":\"m\",\"content\":\"\n\n<p><strong>\u00c9diteur de progiciel dans l\u2019univers de la logistique depuis plus de 20 ans souhaitant d\u00e9velopper son \u00e9quipe technique, recrute un\u00b7e D\u00e9veloppeur\u00b7se Web.<\/strong><\/p>\n\n\",\"margin_bottom\":\"remove\",\"margin_top\":\"default\",\"maxwidth\":\"xlarge\",\"position\":\"relative\",\"position_z_index\":\"1\",\"text_align\":\"center\",\"text_style\":\"lead\"}},{\"type\":\"button\",\"props\":{\"grid_column_gap\":\"small\",\"grid_row_gap\":\"small\",\"margin_bottom\":\"remove\",\"margin_top\":\"medium\",\"position\":\"relative\",\"position_z_index\":\"1\",\"text_align\":\"center\"},\"children\":[{\"type\":\"button_item\",\"props\":{\"button_style\":\"primary\",\"content\":\"Postuler\",\"dialog_layout\":\"modal\",\"dialog_offcanvas_flip\":true,\"icon_align\":\"left\",\"link\":\"mailto:contact@credel.fr\"}}]},{\"type\":\"grid\",\"props\":{\"content_column_breakpoint\":\"m\",\"filter_align\":\"left\",\"filter_all\":true,\"filter_grid_breakpoint\":\"m\",\"filter_grid_width\":\"auto\",\"filter_position\":\"top\",\"filter_style\":\"tab\",\"grid_column_gap\":\"medium\",\"grid_default\":\"1\",\"grid_medium\":\"\",\"grid_row_gap\":\"medium\",\"grid_small\":\"3\",\"image_align\":\"top\",\"image_grid_breakpoint\":\"m\",\"image_grid_width\":\"1-2\",\"image_svg_color\":\"emphasis\",\"item_animation\":true,\"lightbox_bg_close\":true,\"link_style\":\"default\",\"link_text\":\"Read more\",\"margin_bottom\":\"remove\",\"margin_top\":\"large\",\"meta_align\":\"above-title\",\"meta_color\":\"muted\",\"meta_element\":\"div\",\"meta_style\":\"\",\"panel_padding\":\"default\",\"panel_style\":\"card-default\",\"parallax_easing\":\"1\",\"show_content\":true,\"show_hover_image\":true,\"show_hover_video\":true,\"show_image\":true,\"show_link\":true,\"show_meta\":true,\"show_title\":true,\"show_video\":true,\"text_align\":\"center\",\"title_align\":\"top\",\"title_element\":\"div\",\"title_grid_breakpoint\":\"m\",\"title_grid_width\":\"1-2\",\"title_hover_style\":\"reset\",\"title_margin\":\"small\",\"title_style\":\"h5\"},\"children\":[{\"type\":\"grid_item\",\"props\":{\"meta\":\"Situation G\u00e9ographique\",\"title\":\"Tours, France\"}},{\"type\":\"grid_item\",\"props\":{\"meta\":\"Dur\u00e9e de travail\",\"title\":\"CDi - 39 heures\"}},{\"type\":\"grid_item\",\"props\":{\"meta\":\"Niveau requis\",\"title\":\"Au moins 4 ans d'exp\u00e9rience.\"}}]},{\"type\":\"image\",\"props\":{\"image\":\"wp-content\/uploads\/yootheme\/background-square-02.png\",\"image_svg_color\":\"emphasis\",\"image_width\":\"700\",\"margin_bottom\":\"default\",\"margin_top\":\"default\",\"position\":\"absolute\",\"position_left\":\"-35vw\",\"position_top\":\"-8vh\",\"position_z_index\":\"0\",\"visibility\":\"xl\"}},{\"type\":\"image\",\"props\":{\"image\":\"wp-content\/uploads\/yootheme\/background-square-04.png\",\"image_svg_color\":\"emphasis\",\"image_width\":\"950\",\"margin_bottom\":\"default\",\"margin_top\":\"default\",\"position\":\"absolute\",\"position_left\":\"60vw\",\"position_top\":\"-27vh\",\"position_z_index\":\"0\",\"visibility\":\"xl\"}},{\"type\":\"image\",\"props\":{\"image\":\"wp-content\/uploads\/yootheme\/background-square-05.png\",\"image_svg_color\":\"emphasis\",\"image_width\":\"600\",\"margin_bottom\":\"default\",\"margin_top\":\"default\",\"position\":\"absolute\",\"position_left\":\"43vw\",\"position_top\":\"-45vh\",\"position_z_index\":\"0\",\"visibility\":\"xl\"}}]}]}],\"modified\":\"2021-01-06T11:46:05.180Z\",\"name\":\"Hero\"},{\"type\":\"section\",\"props\":{\"animation\":\"fade\",\"animation_delay\":\"200\",\"image_position\":\"center-center\",\"padding_bottom\":\"none\",\"padding_top\":\"large\",\"style\":\"default\",\"title_breakpoint\":\"xl\",\"title_position\":\"top-left\",\"title_rotation\":\"left\",\"vertical_align\":\"\",\"width\":\"xsmall\"},\"children\":[{\"type\":\"row\",\"children\":[{\"type\":\"column\",\"props\":{\"image_position\":\"center-center\",\"position_sticky_breakpoint\":\"m\"},\"children\":[{\"type\":\"headline\",\"props\":{\"animation\":\"none\",\"content\":\"Description\",\"image_align\":\"left\",\"image_margin\":\"xsmall\",\"margin_bottom\":\"medium\",\"margin_top\":\"medium\",\"position\":\"relative\",\"position_z_index\":\"1\",\"title_element\":\"h2\"}},{\"type\":\"text\",\"props\":{\"animation\":\"none\",\"column_breakpoint\":\"m\",\"content\":\"\n\n<p><span>Vous interviendrez sur les \u00e9volutions de diff\u00e9rentes solutions ainsi que le d\u00e9veloppement de nouvelles fonctionnalit\u00e9s. Vous serez \u00e9galement form\u00e9\u00b7e \u00e0 de nouveaux langages web.<\/span><\/p>\n\n\",\"margin_bottom\":\"default\",\"margin_top\":\"default\",\"position\":\"relative\",\"position_z_index\":\"1\"}},{\"type\":\"headline\",\"props\":{\"animation\":\"none\",\"content\":\"Responsibilities\",\"image_align\":\"left\",\"image_margin\":\"xsmall\",\"margin_bottom\":\"remove\",\"margin_top\":\"large\",\"position\":\"relative\",\"position_z_index\":\"1\",\"status\":\"disabled\",\"title_element\":\"h2\",\"title_style\":\"h3\"}},{\"type\":\"list\",\"props\":{\"animation\":\"none\",\"column_breakpoint\":\"m\",\"image_align\":\"left\",\"image_svg_color\":\"emphasis\",\"image_vertical_align\":true,\"list_element\":\"ul\",\"list_horizontal_separator\":\", \",\"list_marker\":\"disc\",\"list_marker_color\":\"primary\",\"list_type\":\"vertical\",\"position\":\"relative\",\"position_z_index\":\"1\",\"show_image\":true,\"show_link\":true,\"status\":\"disabled\"},\"children\":[{\"type\":\"list_item\",\"props\":{\"content\":\"Lorem ipsum dolor sit amet consectetur adipiscing\"}},{\"type\":\"list_item\",\"props\":{\"content\":\"Eget gravida cum sociis natoque penatibus\"}},{\"type\":\"list_item\",\"props\":{\"content\":\"Dictum fusce ut placerat orci nulla pellentesque\"}},{\"type\":\"list_item\",\"props\":{\"content\":\"Vitae purus faucibus ornare suspendisse\"}},{\"type\":\"list_item\",\"props\":{\"content\":\"Mauris pharetra et ultrices neque ornare aenean\"}},{\"type\":\"list_item\",\"props\":{\"content\":\"Risus viverra adipiscing at in tellus integer\"}}]},{\"type\":\"headline\",\"props\":{\"animation\":\"none\",\"content\":\"Qualifications\",\"image_align\":\"left\",\"image_margin\":\"xsmall\",\"margin_bottom\":\"remove\",\"margin_top\":\"large\",\"position\":\"relative\",\"position_z_index\":\"1\",\"title_element\":\"h2\",\"title_style\":\"h3\"}},{\"type\":\"text\",\"props\":{\"column_breakpoint\":\"m\",\"content\":\"\n\n<p data-start=\\\"188\\\" data-end=\\\"471\\\">Vous aimez d\u00e9velopper des applications utiles, concr\u00e8tes et proches du terrain ?<br data-start=\\\"268\\\" data-end=\\\"271\\\" \/>Chez <strong data-start=\\\"276\\\" data-end=\\\"286\\\">CREDEL<\/strong>, nous concevons et faisons \u00e9voluer des solutions m\u00e9tiers \u00e0 destination des <strong data-start=\\\"362\\\" data-end=\\\"386\\\">garages poids lourds<\/strong>. Et nous cherchons un\u00b7e <strong data-start=\\\"411\\\" data-end=\\\"438\\\">D\u00e9veloppeur\u00b7euse Web <\/strong>pour renforcer notre \u00e9quipe.<\/p>\n\n\\n\n\n<h3 data-start=\\\"473\\\" data-end=\\\"494\\\">\ud83d\udd27 Vos missions<\/h3>\n\n\\n\n\n<ul data-start=\\\"495\\\" data-end=\\\"827\\\">\\n\n\n<li data-start=\\\"495\\\" data-end=\\\"561\\\">\\n\n\n<p data-start=\\\"497\\\" data-end=\\\"561\\\">D\u00e9velopper et maintenir des applications m\u00e9tiers sous <strong>Framework JS (React, Vue...)<\/strong><\/p>\n\n\\n<\/li>\n\n\\n\n\n<li data-start=\\\"562\\\" data-end=\\\"634\\\">\\n\n\n<p data-start=\\\"564\\\" data-end=\\\"634\\\">Analyser les besoins utilisateurs et proposer des solutions adapt\u00e9es<\/p>\n\n\\n<\/li>\n\n\\n\n\n<li data-start=\\\"635\\\" data-end=\\\"696\\\">\\n\n\n<p data-start=\\\"637\\\" data-end=\\\"696\\\">Corriger les anomalies, tester et d\u00e9ployer les \u00e9volutions<\/p>\n\n\\n<\/li>\n\n\\n\n\n<li data-start=\\\"697\\\" data-end=\\\"766\\\">\\n\n\n<p data-start=\\\"699\\\" data-end=\\\"766\\\">Travailler en collaboration avec l\u2019\u00e9quipe support &amp; d\u00e9veloppement<\/p>\n\n\\n<\/li>\n\n\\n\n\n<li data-start=\\\"767\\\" data-end=\\\"827\\\">\\n\n\n<p data-start=\\\"769\\\" data-end=\\\"827\\\">Participer au partage de comp\u00e9tences au sein de l\u2019\u00e9quipe<\/p>\n\n\\n<\/li>\n\n\\n<\/ul>\n\n\\n\n\n<h3 data-start=\\\"829\\\" data-end=\\\"850\\\">\ud83d\udc64 Votre profil<\/h3>\n\n\\n\n\n<ul data-start=\\\"851\\\" data-end=\\\"1038\\\">\\n\n\n<li data-start=\\\"851\\\" data-end=\\\"896\\\">\\n\n\n<p data-start=\\\"853\\\" data-end=\\\"896\\\">Formation en informatique (Bac+2 \u00e0 Bac+5)<\/p>\n\n\\n<\/li>\n\n\\n\n\n<li data-start=\\\"897\\\" data-end=\\\"939\\\">\\n\n\n<p data-start=\\\"899\\\" data-end=\\\"939\\\">Exp\u00e9rience en d\u00e9veloppement <strong data-start=\\\"927\\\" data-end=\\\"937\\\">Web<\/strong><\/p>\n\n\\n<\/li>\n\n\\n\n\n<li data-start=\\\"940\\\" data-end=\\\"996\\\">\\n\n\n<p data-start=\\\"942\\\" data-end=\\\"996\\\">\u00c0 l\u2019aise avec les environnements applicatifs m\u00e9tiers<\/p>\n\n\\n<\/li>\n\n\\n\n\n<li data-start=\\\"997\\\" data-end=\\\"1038\\\">\\n\n\n<p data-start=\\\"999\\\" data-end=\\\"1038\\\">Autonomie, rigueur et esprit d\u2019\u00e9quipe<\/p>\n\n\\n<\/li>\n\n\\n<\/ul>\n\n\\n\n\n<h3 data-start=\\\"1040\\\" data-end=\\\"1070\\\">\ud83d\udcbc Ce que nous proposons<\/h3>\n\n\\n\n\n<ul data-start=\\\"1071\\\" data-end=\\\"1247\\\">\\n\n\n<li data-start=\\\"1071\\\" data-end=\\\"1082\\\">\\n\n\n<p data-start=\\\"1073\\\" data-end=\\\"1082\\\"><strong data-start=\\\"1073\\\" data-end=\\\"1080\\\">CDI<\/strong><\/p>\n\n\\n<\/li>\n\n\\n\n\n<li data-start=\\\"1083\\\" data-end=\\\"1123\\\">\\n\n\n<p data-start=\\\"1085\\\" data-end=\\\"1123\\\">Un environnement technique stimulant<\/p>\n\n\\n<\/li>\n\n\\n\n\n<li data-start=\\\"1124\\\" data-end=\\\"1182\\\">\\n\n\n<p data-start=\\\"1126\\\" data-end=\\\"1182\\\">Des projets concrets, utiles et en constante \u00e9volution<\/p>\n\n\\n<\/li>\n\n\\n\n\n<li data-start=\\\"1183\\\" data-end=\\\"1247\\\">\\n\n\n<p data-start=\\\"1185\\\" data-end=\\\"1247\\\">Une \u00e9quipe \u00e0 taille humaine, orient\u00e9e entraide et efficacit\u00e9<\/p>\n\n\\n<\/li>\n\n\\n<\/ul>\n\n\\n\n\n<p data-start=\\\"1249\\\" data-end=\\\"1343\\\">\ud83d\udccd Poste bas\u00e9 \u00e0 Tours (37)<strong data-start=\\\"1326\\\" data-end=\\\"1343\\\"><\/strong><\/p>\n\n\",\"margin_bottom\":\"default\",\"margin_top\":\"default\"}},{\"type\":\"list\",\"props\":{\"animation\":\"none\",\"column_breakpoint\":\"m\",\"image_align\":\"left\",\"image_svg_color\":\"emphasis\",\"image_vertical_align\":true,\"list_element\":\"ul\",\"list_horizontal_separator\":\", \",\"list_marker\":\"disc\",\"list_marker_color\":\"primary\",\"list_type\":\"vertical\",\"position\":\"relative\",\"position_z_index\":\"1\",\"show_image\":true,\"show_link\":true,\"status\":\"disabled\"},\"children\":[{\"type\":\"list_item\",\"props\":{\"content\":\"\n\n<p><span>WinDev \/ WebDev \/ WinDev Mobile<\/span><\/p>\n\n\"}},{\"type\":\"list_item\",\"props\":{\"content\":\"\n\n<p><span>Genero et Genero Mobile.<\/span><\/p>\n\n\"}},{\"type\":\"list_item\",\"props\":{\"content\":\"\n\n<p><span>Java \/ Javascript \/ CSS \/ PHP 5 \/ HTML \/ VBA \/ Webservices \/ API Connaissance C\/C++ , Gestion bases de donn\u00e9es (PostgreSQL, Informix, MySQL).<\/span><\/p>\n\n\"}},{\"type\":\"list_item\",\"props\":{\"content\":\"\n\n<p><span>Syst\u00e8me d\u2019exploitation : Linux, RedHat Entreprise<\/span><\/p>\n\n\"}},{\"type\":\"list_item\",\"props\":{\"content\":\"Morbi tristique senectus et netus et\",\"status\":\"disabled\"}},{\"type\":\"list_item\",\"props\":{\"content\":\"Dignissim sodales ut eu sem integer vitae justo eget\",\"status\":\"disabled\"}}]},{\"type\":\"headline\",\"props\":{\"animation\":\"none\",\"content\":\"Bonus Qualifications\",\"image_align\":\"left\",\"image_margin\":\"xsmall\",\"margin_bottom\":\"remove\",\"margin_top\":\"large\",\"position\":\"relative\",\"position_z_index\":\"1\",\"status\":\"disabled\",\"title_element\":\"h2\",\"title_style\":\"h3\"}},{\"type\":\"text\",\"props\":{\"animation\":\"none\",\"column_breakpoint\":\"m\",\"content\":\"Lorem ipsum dolor sit amet, consetetur sadipscing elitr, sed diam nonumy eirmod tempor invidunt ut labore et dolore magna aliquyam erat, sed diam voluptua. At vero eos et accusam. \",\"margin_bottom\":\"default\",\"margin_top\":\"default\",\"position\":\"relative\",\"position_z_index\":\"1\",\"status\":\"disabled\"}},{\"type\":\"image\",\"props\":{\"image\":\"wp-content\/uploads\/yootheme\/background-square-03.png\",\"image_svg_color\":\"emphasis\",\"image_width\":\"900\",\"margin_bottom\":\"default\",\"margin_top\":\"default\",\"position\":\"absolute\",\"position_left\":\"48vw\",\"position_top\":\"20vh\",\"position_z_index\":\"0\",\"visibility\":\"l\"}}]}]}],\"name\":\"Job Description\"},{\"type\":\"section\",\"props\":{\"image_position\":\"center-center\",\"padding_bottom\":\"none\",\"style\":\"default\",\"title_breakpoint\":\"xl\",\"title_position\":\"top-left\",\"title_rotation\":\"left\",\"vertical_align\":\"\",\"width\":\"large\"},\"children\":[{\"type\":\"row\",\"props\":{\"layout\":\"1-2,1-2\",\"width\":\"xsmall\"},\"children\":[{\"type\":\"column\",\"props\":{\"image_position\":\"center-center\",\"position_sticky_breakpoint\":\"m\",\"vertical_align\":\"middle\",\"width_default\":\"expand\"},\"children\":[{\"type\":\"panel\",\"props\":{\"content\":\"\n\n<p>Directeur Op\u00e9rationnel chez CREDEL.<\/p>\n\n\",\"content_column_breakpoint\":\"m\",\"content_margin\":\"small\",\"image\":\"wp-content\/uploads\/2023\/01\/20230125_173629-scaled.jpg\",\"image_align\":\"left\",\"image_border\":\"circle\",\"image_grid_breakpoint\":\"s\",\"image_grid_width\":\"auto\",\"image_height\":100,\"image_loading\":false,\"image_svg_color\":\"emphasis\",\"image_width\":100,\"link_margin\":\"medium\",\"link_style\":\"primary\",\"link_text\":\"\",\"margin_bottom\":\"default\",\"margin_top\":\"default\",\"meta_align\":\"below-title\",\"meta_element\":\"div\",\"meta_style\":\"text-meta\",\"text_align\":\"left\",\"text_align_breakpoint\":\"s\",\"text_align_fallback\":\"center\",\"title\":\"J\u00e9r\u00f4me CHAILLOT\",\"title_align\":\"top\",\"title_element\":\"h3\",\"title_grid_breakpoint\":\"m\",\"title_grid_width\":\"1-2\",\"title_hover_style\":\"reset\"}}]},{\"type\":\"column\",\"props\":{\"image_position\":\"center-center\",\"position_sticky_breakpoint\":\"m\",\"vertical_align\":\"middle\",\"width_small\":\"auto\"},\"children\":[{\"type\":\"button\",\"props\":{\"grid_column_gap\":\"small\",\"grid_row_gap\":\"small\",\"margin_bottom\":\"default\",\"margin_top\":\"default\",\"text_align\":\"left\",\"text_align_breakpoint\":\"m\",\"text_align_fallback\":\"center\"},\"children\":[{\"type\":\"button_item\",\"props\":{\"button_style\":\"default\",\"content\":\"Postulez\",\"dialog_layout\":\"modal\",\"dialog_offcanvas_flip\":true,\"icon_align\":\"left\",\"link\":\"mailto:contact@credel.fr\",\"link_title\":\"Candidature D\u00e9veloppeur Webdev H\/F\"}}]}]}]},{\"type\":\"row\",\"children\":[{\"type\":\"column\",\"props\":{\"image_position\":\"center-center\",\"position_sticky_breakpoint\":\"m\"},\"children\":[{\"type\":\"divider\",\"props\":{\"divider_element\":\"hr\"}},{\"type\":\"totop\",\"props\":{\"margin_bottom\":\"default\",\"margin_top\":\"default\",\"text_align\":\"right\",\"title_grid_column_gap\":\"small\",\"title_grid_row_gap\":\"small\"}}]}],\"props\":{\"margin_bottom\":\"remove\",\"margin_top\":\"large\"}}],\"name\":\"Contact\"}],\"version\":\"5.0.9\"} --><\/p>\n","protected":false},"excerpt":{"rendered":"<p>Accueil Carri\u00e8res Recrutement D\u00e9veloppeur Carri\u00e8re D\u00e9veloppeur Front-End H\/F \u00c9diteur de progiciel dans l\u2019univers de la logistique depuis plus de 20 ans souhaitant d\u00e9velopper son \u00e9quipe technique, recrute un\u00b7e D\u00e9veloppeur\u00b7se Web. Postuler Tours, France Situation G\u00e9ographique CDi &#8211; 39 heures Dur\u00e9e de travail Au moins 4 ans d&rsquo;exp\u00e9rience. Niveau requis Description Vous interviendrez sur les \u00e9volutions [&hellip;]<\/p>\n","protected":false},"author":1,"featured_media":0,"parent":0,"menu_order":2,"comment_status":"open","ping_status":"closed","template":"","meta":{"_acf_changed":false,"footnotes":""},"class_list":["post-1602","page","type-page","status-publish","hentry"],"acf":[],"_links":{"self":[{"href":"https:\/\/www.credel.fr\/index.php?rest_route=\/wp\/v2\/pages\/1602","targetHints":{"allow":["GET"]}}],"collection":[{"href":"https:\/\/www.credel.fr\/index.php?rest_route=\/wp\/v2\/pages"}],"about":[{"href":"https:\/\/www.credel.fr\/index.php?rest_route=\/wp\/v2\/types\/page"}],"author":[{"embeddable":true,"href":"https:\/\/www.credel.fr\/index.php?rest_route=\/wp\/v2\/users\/1"}],"replies":[{"embeddable":true,"href":"https:\/\/www.credel.fr\/index.php?rest_route=%2Fwp%2Fv2%2Fcomments&post=1602"}],"version-history":[{"count":4,"href":"https:\/\/www.credel.fr\/index.php?rest_route=\/wp\/v2\/pages\/1602\/revisions"}],"predecessor-version":[{"id":1606,"href":"https:\/\/www.credel.fr\/index.php?rest_route=\/wp\/v2\/pages\/1602\/revisions\/1606"}],"wp:attachment":[{"href":"https:\/\/www.credel.fr\/index.php?rest_route=%2Fwp%2Fv2%2Fmedia&parent=1602"}],"curies":[{"name":"wp","href":"https:\/\/api.w.org\/{rel}","templated":true}]}}